 23
Let o(u) = 2*u**3 - 4*u**2 - 9*u - 49. List the prime factors of o(11).
2, 5, 7, 29
Let r(j) = -j**3 - 10*j**2 - j + 4. Let y be r(-10). Suppose -2*i + 52 = y. Suppose i = d - 9. What are the prime factors of d?
2, 7
Let u = 64 + 85. Let g = u + -31. List the prime factors of g.
2, 59
Let m(t) = 3*t**2 - 24*t - 9. What are the prime factors of m(16)?
3, 5
Let o(v) = v**2 + v - 1. Let c(s) = 3*s**2 + 3 - 4 - s**2 - 3*s**2 - 2*s. Let n(i) = c(i) + 4*o(i). List the prime factors of n(-4).
5, 7
Let x be (-4)/6 - 141/(-9). Suppose 4*f + 2*h - 32 = 6*h, -x = 3*h. Suppose f*t - 19 - 41 = 0. List the prime factors of t.
2, 5
Suppose 0 = 71*f - 70*f - 161. List the prime factors of f.
7, 23
Let x = -6 + 5. Let s(d) = 56*d**2 - 2*d - 2. Let h be s(x). What are the prime factors of (h/6)/(1/3)?
2, 7
Suppose -4*g - 448 = 192. Let w be 3/(((-12)/g)/1). Let n = -29 + w. What are the prime factors of n?
11
Suppose 0 = 5*k + h - 1993, -3 + 9 = -3*h. List the prime factors of k.
3, 7, 19
Let d be 1/((12/(-4))/498). List the prime factors of d/(-3)*(-21)/(-14).
83
Let o(w) = 3*w**3 + 2*w**2 - w - 2. Let n be o(-1). List the prime factors of (8/(-10))/(n/30).
2, 3
Suppose -11 = n + 5*f - 133, 5*n - 495 = -2*f. List the prime factors of n.
97
Let v(d) = -134*d**2 + d + 4. Let u be v(2). Let r = -373 - u. List the prime factors of r.
157
Suppose 3*m - 4*y + 3 = 0, 5*m - 2*y - y = 6. Suppose 40 = -m*x + 8*x. What are the prime factors of 4/x - (-119)/2?
2, 3, 5
Let o be (27/(-15))/((-3)/10). Let l be 166/o - (-2)/6. Suppose q - l = -5*s - 5, -2*q = -3*s - 98. List the prime factors of q.
43
Let m(r) = -r**2 - 2*r + 16. Let h be m(-6). List the prime factors of 6/h + (-2456)/(-32).
2, 19
Let d(z) = -730*z + 26. What are the prime factors of d(-1)?
2, 3, 7
Suppose 2*g + 2*o - 580 = 0, 3*o + 1452 = 5*g + 7*o. What are the prime factors of g?
2, 73
Suppose 5*j = -43 - 57. Let c(s) = -5*s - 48. List the prime factors of c(j).
2, 13
Suppose -55 = -5*q + 5. Suppose q = -z + 38. What are the prime factors of z?
2, 13
Suppose -2*g - 4*s = 3*g + 12, -s - 3 = 5*g. What are the prime factors of (-37)/(-1) + (-2 - g)?
5, 7
Let f = 7 - 4. Let c(v) = -v**2 + v + 22. Let t be c(3). Suppose -t - 5 = -f*q. List the prime factors of q.
7
Suppose -3*b - 2*b + 2*j - 4 = 0, -5*b - 3*j + 6 = 0. Suppose -6*f = -b*f - 414. What are the prime factors of f?
3, 23
Let j be (-2)/(-4) - 13/26. Suppose -3*x + 152 + 46 = j. List the prime factors of x.
2, 3, 11
Let f be 2 + -2 + 1 + 13. Suppose 291*u + 28 = 298*u. Let h = f - u. List the prime factors of h.
2, 5
Let n(f) = -2*f + 1. Let y be n(6). Let i = -11 - y. Suppose i*s + 50 = 2*s. What are the prime factors of s?
5
List the prime factors of (70/40 - (-3)/(-4))*27.
3
Suppose 0 = -3*o + 3*w + 25234 - 7129, -4*o = 5*w - 24122. What are the prime factors of o?
3, 2011
Suppose -9*y + 454 = -590. Suppose 124 + y = 4*c. List the prime factors of c.
2, 3, 5
Let a = 732 + -669. What are the prime factors of a?
3, 7
Let a(q) = 107*q + 52. What are the prime factors of a(6)?
2, 347
Suppose 37 = 5*o - 3. Let k = 10 + o. List the prime factors of k.
2, 3
Let l(q) = q**3 - q**2 + 9 - 4*q - q - 5. Let h = -56 - -59. List the prime factors of l(h).
7
List the prime factors of 48/30 - 2 - (-1948)/20.
97
Suppose m = d + 3, -7 = -2*m + 5*d + 2. Let s(z) = -60*z + m + 2 - 2. List the prime factors of s(-1).
2, 31
Suppose 0 = z - 8*z - 378. What are the prime factors of (z/18)/(3*(-1)/161)?
7, 23
Suppose -3*t = -2*i - t + 58, 2*i = -5*t + 72. Suppose 62 = 5*b - 298. Let j = b - i. List the prime factors of j.
41
Let n(u) = -u**3 + 3*u + 2. Let l be n(-2). Suppose z + 154 = 4*k, l*k - z = -4*z + 162. List the prime factors of k.
3, 13
Suppose -213 + 60 = -2*p + 3*i, 0 = -2*p - i + 173. Suppose 4*s - p = -k, -5 = -3*s - 2. Suppose k = -5*y + 245. List the prime factors of y.
3, 11
Suppose -2*h + h = -2*k + 52, -2*k + 3*h = -56. List the prime factors of k.
5
Suppose -209 = -4*s + 3*j, 2*s - 102 = 5*j - 3*j. What are the prime factors of s?
2, 7
Let s be 1/(0 + (-3)/(-159)). Suppose 4*q - 71 = s. What are the prime factors of q?
31
Suppose -18*r + 19*r = 116. List the prime factors of r.
2, 29
Suppose -37 = -4*b - 6*k + k, b + 4*k = 23. What are the prime factors of b*39/9*3?
3, 13
Suppose 6*t - 10*t + 408 = 0. Let b = 397 - t. List the prime factors of b.
5, 59
Suppose -2222 = 13*p - 14*p - 3*n, 5*p = 4*n + 11186. What are the prime factors of p?
2, 1117
Let q(i) = 2*i**2 - 12*i - 1. Let n be q(10). Let c = n - 21. List the prime factors of c.
2, 29
Suppose -5*n = 598 - 193. Let w = 128 + n. List the prime factors of w.
47
Suppose 2143 = l - 3*k - 464, 4*l + 3*k = 10368. List the prime factors of l.
3, 5, 173
Suppose -p + 49 = 4*i - 106, -158 = -p - 3*i. What are the prime factors of p?
167
Let o(u) = 8*u**2 - 3. Let b be o(4). Let w = b - 79. What are the prime factors of w?
2, 23
Let r = -849 + 880. List the prime factors of r.
31
Let c(k) = -11*k - 2. Let m be c(5). Let w = -20 - m. What are the prime factors of w?
37
Let v(y) = y**3 + 6*y**2 - 7*y. Let n be v(-7). Suppose l + 3*l = n. Suppose 3*f + 28 = 3*m + m, 5*f = l. What are the prime factors of m?
7
Suppose -4*q - 3*y - 4 = 0, 4*y = q - 7 - 11. Suppose 56 = q*l + 2*l. List the prime factors of l.
2, 7
Let b = -26 + 17. Let h be ((-4)/6)/(2/b). Suppose h*u - 81 = -0*u. List the prime factors of u.
3
Suppose 0 = 9*j - 5*j - 8. Suppose j*t - 760 = -6*t. List the prime factors of t.
5, 19
Let p(q) = 2*q + 2. Let b be p(0). Suppose b*k - 164 = -5*n, 0 = 4*n - 2*n. What are the prime factors of k?
2, 41
Let n = -1409 - -2077. What are the prime factors of n?
2, 167
Suppose p + p + h = 1, -5*h - 19 = -2*p. Suppose p*n = 3*n + 111. Let q = 161 + n. List the prime factors of q.
2, 5
Suppose c + 4*c = n - 99, c = n - 107. What are the prime factors of n?
109
Suppose -3*y = 2*n - 259, 5*n = 10*y - 8*y + 695. Let i be ((-11)/(-3))/((-2)/(-6)). Suppose n = 3*c + i. List the prime factors of c.
2, 3, 7
Let g be 87/15 - (-6)/30. Suppose -g = 3*c, 3*c + 2*c = n - 112. Suppose 0*j + n = 2*j. List the prime factors of j.
3, 17
Let u(q) = 6*q**2 + 22*q + 21. What are the prime factors of u(-9)?
3, 103
Suppose -24*g + 3*g = -10500. What are the prime factors of g?
2, 5
Suppose -3*v + 4*g = -2, -5*v + 11 = g - 0. Suppose w + 105 = -v*i, -219 = -w + 3*w - 5*i. Let c = -62 - w. What are the prime factors of c?
3, 5
Let s(m) = -95*m + 3 + 37 + 87*m. What are the prime factors of s(-9)?
2, 7
Let o(q) = 289*q + 5. List the prime factors of o(2).
11, 53
Suppose -2*i = -6*i + 168. Let x = -20 + i. What are the prime factors of x?
2, 11
Let v = 54 + -49. List the prime factors of (-24)/(-30) - (-1106)/v.
2, 3, 37
Let f(z) = -19*z + 2. Let d(b) be the first derivative of b**4/4 - 3*b**3 - 9*b**2/2 - 11*b + 7. Let g be d(10). List the prime factors of f(g).
3, 7
Suppose -8*m = -5*s - 3*m + 340, 0 = 2*m. Let y = s - -85. What are the prime factors of y?
3, 17
Let w(o) = 7*o**2 + 2*o - 9. Let r(f) = 20*f**2 + 7*f - 26. Let g(s) = 4*r(s) - 11*w(s). List the prime factors of g(-4).
19
Suppose 840 + 339 = 3*s. List the prime factors of s.
3, 131
Let z(p) = p**2 - 8*p - 7. Let d be z(9). List the prime factors of 293/d + 1/2.
3, 7
Let d be 136/(-7) - (-6)/14. Let k = 55 + d. List the prime factors of k.
2, 3
What are the prime factors of 5/(-200)*4 + (-73688)/(-80)?
3, 307
Suppose -4*n - c = -12400, 2*c - 5619 = -3*n + 3686. List the prime factors of n.
3, 1033
Suppose -4*n = -151 - 45. Let t = n - 12. List the prime factors of t.
37
Let i = 8 - -528. What are the prime factors of i?
2, 67
Let h be 14*-1*20/10. Let c be (-2)/13 + h/(-13). List the prime factors of c/6 + 32/3.
11
Let j(h) = 12*h + 13. Let r be j(9). Suppose 3*g - r = -5*i, 2*g - 3*g + 55 = -2*i. What are the prime factors of (g - -4) + -1 - 2?
2, 3
Suppose -t + 13 = 8. Suppose 7*o - 138 = -t. What are the prime factors of o?
19
List the prime factors of (328/16 + -2)/(2/220).
5, 11, 37
Let z = 1786 + -1202. List the prime factors of z.
2, 73
Suppose -3*w + 6 = 12. List the prime factors of (693/(-22))/(1/w).
3, 7
Let m = -38 - -37. What are the prime factors of (-51 + 4 + 0)/m?
47
Suppose 0 = -5*i + 5*n + 803 + 1737, -i = 4*n - 523. List the prime factors of i.
7,